number?
True
Is 19829 composite?
True
Is 103769 prime?
True
Is 25079 composite?
True
Is 875015 prime?
False
Is 338501 prime?
False
Is 46337 a composite number?
False
Is 6467 composite?
True
Is 17723 a composite number?
True
Is 48367 composite?
True
Is 9871 prime?
True
Is 256757 a prime number?
True
Is 14369 a composite number?
False
Is 23857 a composite number?
False
Is 9935 a prime number?
False
Is 18937 a composite number?
True
Is 130443 prime?
False
Is 17519 a composite number?
False
Is 5647 composite?
False
Is 379 a composite number?
False
Is 404161 composite?
False
Is 56087 composite?
False
Is 2213 a prime number?
True
Is 8767 a composite number?
True
Is 7207 prime?
True
Is 6173 a prime number?
True
Is 276817 composite?
False
Is 436439 a prime number?
True
Is 9505 prime?
False
Is 5021 a composite number?
False
Is 932749 prime?
True
Is 588811 a prime number?
True
Is 75149 a composite number?
False
Is 301759 prime?
True
Is 11389 a composite number?
True
Is 381053 a composite number?
True
Is 6809 a prime number?
False
Is 26387 prime?
True
Is 87439 a composite number?
True
Is 6353 composite?
False
Is 9371 prime?
True
Is 9901 a prime number?
True
Is 541 a prime number?
True
Is 5297 a prime number?
True
Is 7781 composite?
True
Is 130733 a prime number?
False
Is 51955 composite?
True
Is 56013 a composite number?
True
Is 222857 a composite number?
False
Is 268063 a composite number?
False
Is 929065 composite?
True
Is 10193 a prime number?
True
Is 3099 prime?
False
Is 4871 a composite number?
False
Is 1070105 a composite number?
True
Is 67289 composite?
False
Is 364643 composite?
False
Is 2671 a prime number?
True
Is 30145 a prime number?
False
Is 55661 a prime number?
True
Is 445847 prime?
True
Is 437213 a prime number?
False
Is 9091 a prime number?
True
Is 22229 a prime number?
True
Is 173447 a prime number?
False
Is 1838 prime?
False
Is 357671 a prime number?
True
Is 35095 a prime number?
False
Is 307 prime?
True
Is 66449 prime?
True
Is 17233 composite?
True
Is 12451 composite?
False
Is 2692289 prime?
True
Is 15559 a prime number?
True
Is 156887 a prime number?
True
Is 16331 a prime number?
False
Is 31009 composite?
True
Is 1318 prime?
False
Is 130903 a composite number?
True
Is 179261 composite?
False
Is 67138 composite?
True
Is 237959 a composite number?
False
Is 296683 a prime number?
True
Is 40031 a composite number?
False
Is 3977 a prime number?
False
Is 16099 a composite number?
True
Is 8497 a composite number?
True
Is 72843 a prime number?
False
Is 253633 prime?
True
Is 343351 a prime number?
False
Is 1244105 prime?
False
Is 48299 a prime number?
True
Is 127 prime?
True
Is 258469 a prime number?
True
Is 311977 a prime number?
False
Is 214807 a composite number?
False
Is 5273 prime?
True
Is 2939 prime?
True
Is 17231 prime?
True
Is 48017 a composite number?
False
Is 38501 a composite number?
False
Is 128987 a composite number?
False
Is 164842 prime?
False
Is 56273 prime?
False
Is 158 composite?
True
Is 218533 composite?
True
Is 975049 a composite number?
False
Is 277939 a composite number?
True
Is 497459 composite?
True
Is 74071 composite?
False
Is 4915 a prime number?
False
Is 28895 composite?
True
Is 33343 composite?
False
Is 32815 composite?
True
Is 467317 composite?
False
Is 56501 a composite number?
False
Is 254519 a composite number?
False
Is 150063 a prime number?
False
Is 165611 a prime number?
True
Is 6029 a composite number?
False
Is 285049 a composite number?
False
Is 121999 composite?
True
Is 2866 composite?
True
Is 33107 composite?
False
Is 95857 prime?
True
Is 21685 a composite number?
True
Is 6247 prime?
True
Is 77383 a composite number?
False
Is 69361 a prime number?
False
Is 1673 prime?
False
Is 4501 a prime number?
False
Is 56723 composite?
True
Is 4028401 a composite number?
True
Is 22343 composite?
False
Is 23329 a prime number?
False
Is 2777 composite?
False
Is 9197 composite?
True
Is 4583 a composite number?
False
Is 50969 a prime number?
True
Is 4373 a prime number?
True
Is 2413 prime?
False
Is 240457 prime?
False
Is 58601 composite?
False
Is 1837 prime?
False
Is 11671 prime?
False
Is 3571 a prime number?
True
Is 10313 a prime number?
True
Is 32001 a composite number?
True
Is 29221 a prime number?
True
Is 14477 a prime number?
False
Is 8597 a composite number?
False
Is 31121 a prime number?
True
Is 871103 composite?
False
Is 29041 composite?
True
Is 258949 a prime number?
True
Is 76907 composite?
False
Is 155503 prime?
False
Is 11863 composite?
False
Is 20671 a prime number?
False
Is 74963 a prime number?
False
Is 20779 prime?
False
Is 7841 composite?
False
Is 920827 a composite number?
False
Is 17621 a composite number?
True
Is 93037 a composite number?
True
Is 9293 a composite number?
False
Is 2747 a prime number?
False
Is 1991891 a composite number?
True
Is 82457 prime?
True
Is 167309 a composite number?
False
Is 5623 prime?
True
Is 7289 prime?
False
Is 115727 a prime number?
True
Is 10193 composite?
False
Is 30335 composite?
True
Is 558761 composite?
True
Is 18701 composite?
False
Is 2471 prime?
False
Is 15901 a prime number?
True
Is 39499 composite?
False
Is 211 composite?
False
Is 6779 a prime number?
True
Is 649897 a composite number?
False
Is 25523 prime?
True
Is 11677 prime?
True
Is 1230043 prime?
False
Is 1411 composite?
True
Is 11369 a prime number?
True
Is 100127 a prime number?
False
Is 768947 a composite number?
True
Is 3833 a composite number?
False
Is 21799 prime?
True
Is 91043 a composite number?
True
Is 130303 prime?
True
Is 254897 composite?
True
Is 2617909 a composite number?
True
Is 15427 a composite number?
False
Is 7123 prime?
False
Is 115459 a prime number?
True
Is 7963 composite?
False
Is 48494 prime?
False
Is 3163 a prime number?
True
Is 9923 prime?
True
Is 13099 prime?
True
Is 22045 a prime number?
False
Is 1647497 a prime number?
True
Is 245459 prime?
False
Is 5683 a composite number?
False
Is 4857 a prime number?
False
Is 19739 a composite number?
False
Is 85679 prime?
False
Is 7405 a composite number?
True
Is 187613 composite?
True
Is 55987 composite?
False
Is 63277 composite?
False
Is 348331 a prime number?
False
Is 48053 a composite number?
True
Is 109937 prime?
True
Is 30079 a prime number?
False
Is 1187 composite?
False
Is 12361 prime?
False
Is 2129 prime?
True
Is 547123 composite?
True
Is 1371493 a composite number?
False
Is 5207 composite?
True
Is 217553 a prime number?
False
Is 1066015 a prime number?
False
Is 336131 composite?
True
Is 541 a prime number?
True
Is 1719782 prime?
False
Is 4327 a composite number?
False
Is 1653221 composite?
True
Is 1757 prime?
False
Is 3557821 composite?
False
Is 148237 composite?
True
Is 1465 composite?
True
Is 18519 a prime number?
False
Is 307361 composite?
False
Is 41599 a prime number?
False
Is 297359 a composite number?
False
Is 28901 composite?
False
Is 41711 a prime number?
False
Is 1259 prime?
True
Is 16123 a prime number?
False
Is 27155 a composite number?
True
Is 16729 a prime number?
True
Is 167 a composite number?
False
Is 8887 composite?
False
Is 8353 a composite number?
False
Is 14461 a composite number?
False
Is 4271 a prime number?
True
Is 125699 a composite number?
True
Is 157457 a prime number?
True
Is 93407 composite?
False
Is 79171 composite?
True
Is 11299 a prime number?
True
Is 257003 prime?
True
Is 71639 a composite number?
True
Is 2446707 composite?
True
Is 425647 composite?
True
Is 277813 prime?
True
Is 134513 a composite number?
False
Is 57209 composite?
True
Is 113227 composite?
False
Is 7814 composite?
True
Is 182041 prime?
True
Is 4907 a composite number?
True
Is 89809 a composite number?
False
Is 787 composite?
False
Is 63241 a prime number?
True
Is 92623 a composite number?
False
Is 31237 prime?
True
Is 1778113 composite?
True
Is 136283 prime?
False
Is 1843753 a prime number?
True
Is 12871 a prime number?
False
Is 30619 prime?
False
Is 312049 a composite number?
True
Is 565483 composite?
False
Is 192961 prime?
True
Is 445381 a composite number?
True
Is 257995 a prime number?
False
Is 102229 a prime number?
True
Is 1535 a composite number?
True
Is 17417 a composite number?
False
Is 11677 a composite number?
False
Is 37171 composite?
False
Is 9179 a prime number?
False
Is 159343 a prime number?
False
Is 1973 prime?